ive of i**5/60 - i**4/8 - 5*i**3/2 - 20*i**2 - 2*i. Let m(v) = -v**2 + 6*v + 97. Let u be m(-7). Give x(u).
3
Let u(v) = -3*v**2 + 83*v - 61. Let k = 5330 + -5303. What is u(k)?
-7
Let p(j) = -20*j**2 - j + 4. Let f(o) be the first derivative of -23*o**3/3 - o**2/2 + 5*o + 15. Let v(l) = -5*f(l) + 6*p(l). Determine v(2).
-23
Let z(i) = i**3 - 12*i**2 - 29*i + 12. Let u(w) = 6*w - 10. Let a be u(4). Let x be z(a). Let n(j) = j**3 + 3*j**2 - 4*j - 3. Calculate n(x).
9
Let c(a) = -21*a - 48. Let r(x) = -21*x - 49. Let y(n) = -8*c(n) + 7*r(n). What is y(-2)?
-1
Let j(m) = -8*m + 43. Let r(a) = -24*a + 73. Let i(u) = -13*j(u) + 6*r(u). Give i(-3).
-1
Suppose 4*z - 88 = -16. Let b be 1125/z + (-2)/(-4). Let n(c) = -b*c**2 - 10*c + 6 - 65*c**2 + 129*c**2. Calculate n(6).
-18
Suppose -57 = -3*z + 3*x + 21, 3*z - 2*x = 80. Suppose 7*s + 49 - z = 0. Let r(f) = f - 3. Calculate r(s).
-6
Let c = -407 + 456. Let a be ((12/(-14))/((-7)/c))/1. Let z(r) = -2*r + 16. Calculate z(a).
4
Let k = -12281 - -12287. Let a(z) = z**3 - 5*z**2 - 12*z + 26. What is a(k)?
-10
Let i be (14/10 + (-3 - -2))*5. Let x(w) = -7 + w + 10 - 3 + i*w**2. Suppose -11 = -3*u + 1, -2*g = 2*u - 12. What is x(g)?
10
Let x(p) = 13*p - 7*p + 22 - 4*p. Let v be x(-10). Let c(h) = -h**2 - 12 - h**3 + 0*h**v + 2*h**2 + 11. Give c(-1).
1
Let h(v) = v**3 - 5*v**2 + 3*v + 3. Suppose 32 + 10 = -y. Let l be (-24)/y + 48/14. Calculate h(l).
-1
Let f = -281 + 303. Suppose -104 = f*q - 16. Let h(u) = u**2 - 4*u - 6. Calculate h(q).
26
Let n(s) = -s - 32. Let r be n(-35). Suppose -z = 0, r*v = 5*v - 2*z - 10. Let p(t) = t - 2. Give p(v).
3
Let j(h) = -h**2 - 1. Let m(n) = 4*n**2 + n - 14. Let a(g) = -j(g) - m(g). Let l(u) = 4*u**2 - 16. Let w(f) = 5*a(f) + 4*l(f). Give w(5).
11
Suppose -7*d + 0*d + 14 = 0. Let b(g) = -2*g. Let h(m) = 2*m**2 - 4*m. Let l(f) = d*b(f) - h(f). Determine l(-2).
-8
Suppose 3*s = 7*s - 192. Suppose s = 20*a - 4*a. Let w(t) = -4*t + 7. Let o(h) = 7*h - 13. Let z(l) = -3*o(l) - 5*w(l). Calculate z(a).
1
Let n(h) = -4*h - 379 + 12*h + 9*h**2 + 373 + h**3. Give n(-8).
-6
Let c(d) = 226 - 79 - 74 - 74 - 3*d - 4*d. Let x be (-3)/2*(-4)/2. Suppose -3*l + 0*l = x. Calculate c(l).
6
Let a = -110 + 118. Let m(z) = 2*z + 1 + a*z + 2*z - 8*z. What is m(-6)?
-23
Let g(q) = -q**3 + 16*q**2 - 19*q - 16. Let x be g(2). Let l(p) = 5*p**2 + 2. Let u(t) = -16*t**2 - t - 7. Let a(n) = -7*l(n) - 2*u(n). Determine a(x).
-8
Let z(u) = u**3 - 5*u**2 + 4*u. Suppose 4*x - 6 = 10. Suppose 0*k + 10 = -v - 5*k, 0 = -x*v - k - 2. Suppose v = -4*m - 1 + 17. Calculate z(m).
0
Let y(q) = 47*q**2 + 83 - 114*q**2 - 15*q + 66*q**2. Give y(4).
7
Let f = -24 - -6. Let n be 4/18 - (-58)/f. Let p(t) = -111*t**2 + 2*t - 1. Let s(h) = -22*h**2 + h - 1. Let b(k) = p(k) - 5*s(k). Determine b(n).
4
Let b(q) = q**2 + 7*q + 13. Let v(l) = l**3 - 24*l**2 + 127*l + 20. Let j be v(16). Suppose 0 = -j*t - 50 + 42. Determine b(t).
3
Suppose 4*w = 5*k + 6*w - 37, 0 = -k - 3*w + 10. Let c(f) = 16*f - 26. Determine c(k).
86
Let k(a) be the third derivative of 1/3*a**3 - 1/8*a**4 + 0 + 0*a + 85*a**2. Let o = 6 + -2. Determine k(o).
-10
Suppose 6*n + 7*n - 78 = 26*n. Let i(s) = 8*s + 35. What is i(n)?
-13
Let k(r) = r**2 + 12*r + 22. Let a = -2725 + 2719. What is k(a)?
-14
Let g(n) be the second derivative of -7*n**4/6 + n**3/3 + 12*n + 7. What is g(1)?
-12
Let k(h) be the first derivative of h**3/3 + 9*h**2/2 - 7*h - 11261. Determine k(-17).
129
Let f be (-82)/16 - (1505/(-344))/35. Let b(l) be the third derivative of -l**4/12 + l**3/3 + l**2. Determine b(f).
12
Let b be 46/161 + (-299)/(-7). Suppose -b = 8*d - 35. Let r(h) = h + 1. What is r(d)?
0
Let j(d) = -39227*d + 78445*d - 39220*d + 5. Calculate j(-3).
11
Let z(d) be the third derivative of 4*d**4/3 - 56*d**3 - 2*d**2 + 131. Determine z(10).
-16
Let q be 1639/77 - (-4)/(-14). Let y = 28 - q. Let v be ((-88)/14 - (-2)/y) + 1. Let w(r) = r**2 + 6*r - 7. Calculate w(v).
-12
Let j(h) = 2*h**2 - 16*h + 28. Suppose 3*m + 3*q - 30 = 0, m = q - 3*q + 13. Determine j(m).
14
Let v(a) = a**2 + 12*a + 5. Suppose 4*u = 2*y + 10, 11*u - 5*y - 3 = 12*u. Let p be (4/6)/(-1)*33/u. What is v(p)?
-6
Suppose 5*p + 4 + 1 = -2*r, -r + p = -8. Let i(z) be the third derivative of -z**6/120 + z**5/12 + z**4/12 - z**2 - 55*z. Determine i(r).
10
Let j(n) = -1 - 5 + 2 - 6804*n + 6806*n. What is j(-2)?
-8
Let p(n) = n**2 + 8*n + 14. Suppose 0*r - 3*r = -4*o + 22, -r - 4*o = 2. Let v be p(r). Let b(d) = -3*d + 0*d + v*d + 0*d. Give b(-8).
8
Let m(x) = x**3 - 5*x**2 - x + 3. Let z = 36 + 13. Let b = 52 - z. Suppose -b*u = -23*u + 100. Give m(u).
-2
Let o(b) = -158*b**2 + 23*b**3 - 155*b**2 + b + 306*b**2 - 21*b**3 - 3*b. Give o(5).
65
Let t = -27 - -24. Let j be (2/t)/(8/(-36)). Let r(c) = 0*c + 6*c + 0*c**j - 4 + 2*c**2 - c**3 + 0*c. What is r(4)?
-12
Suppose 4*i = -u + 7*u - 14, 4*u - 10 = 2*i. Let c(t) = -994 + 1000 - 5*t + u*t. Give c(7).
-8
Let p be (-7)/2 - 2457/(-234). Let m(l) be the third derivative of 1/3*l**3 - 1/12*l**5 - 1/24*l**4 + 0*l - 1/120*l**6 + 0 - p*l**2. Calculate m(-4).
-10
Let t(k) = 3*k - 1. Let y(d) = -7*d + 2. Let u be -3*4/(-12)*-4. Let a be 6/((u*3)/(-4)). Let g(i) = a*y(i) + 5*t(i). What is g(8)?
7
Suppose 0 = 140*t + 18*t - 790. Let s(u) = -u**2 + 14*u - 34. Calculate s(t).
11
Let l(b) = 9*b - 39. Let o be 14/(-8) + 4320/640. Calculate l(o).
6
Let x(z) = 6*z - 6. Let q be (15/30)/(2/36). Let b be x(q). Suppose 0 = 8*h - 2*h - b. Let w(v) = v**3 - 8*v**2 - v + 5. What is w(h)?
-3
Let w(n) = -2*n**2 - 5*n - 3. Suppose -8*u + 1110 + 2 = 0. Let h = 133 - u. Determine w(h).
-45
Suppose -2*q = -4*r, -1 = 3*q + 4*r + 59. Let g(b) = -b - 11. What is g(q)?
1
Let t(u) = 8*u - 247. Let d(r) = 2*r**2 + 211*r + 3317. Let i be d(-19). Determine t(i).
-7
Let z = -58 - -47. Let f(i) = -4*i - 3. Let o(x) = -21*x - 13. Let m(q) = z*f(q) + 2*o(q). What is m(-6)?
-5
Let g(j) = j + 3. Let b be 1203/1604 - 81*1/(-4). Let w = 0 + 6. Suppose w*i + 3 = -b. Determine g(i).
-1
Let p(c) = c**2 - 17*c + 74. Suppose -11*n = -4*k - 12*n + 36, 0 = -k + 4*n - 8. Give p(k).
2
Suppose 3*f = -w + 9, -1577*w = -f - 1581*w + 3. Let j(h) = 10*h - 29. Give j(f).
1
Let z(v) be the first derivative of -7*v**2 - 26*v + 2447. What is z(-9)?
100
Let l(c) be the third derivative of -c**4/24 - 5*c**3/3 - 94*c**2 - 3. Give l(-10).
0
Let z(t) = -t**3 - 7*t**2 + 2*t + 4. Let u = -128 - -74. Let n be (-9)/u - 2/(-12)*-25. Let s be (1 - -2 - n)/(-1). Give z(s).
-10
Let m(u) = u**2 + 5*u - 63. Let f(v) = -2*v**2 - 11*v + 128. Let r(t) = -5*f(t) - 9*m(t). Determine r(5).
2
Let m(c) = 6*c**2 - 30*c - 41. Let f be ((-4)/(-5))/((-14)/(-35)). Let v(i) = f*i**2 - 23*i - i**2 + 17*i - 8. Let b(x) = 2*m(x) - 11*v(x). Calculate b(-6).
6
Suppose 10*z + 57*z = 536. Let x(c) = -214*c**3 + 31*c**2 + z*c - 9 + 107*c**3 + 110*c**3 + c. Give x(-10).
1
Suppose k - 7 = 1. Suppose 3*t = 10 + k. Let n(r) = -t + r**2 + 0*r + 14 + 8*r. Give n(-6).
-4
Let q(f) = -f + 2359*f**3 + 2352*f**3 - 7072*f**3 + 3*f**2 + 2350*f**3 - 1. What is q(1)?
-10
Let x(w) = -w**3 - 50*w**2 - 577*w - 27. Let p be x(-32). Let u(z) = -z**2 + 11*z - 15. What is u(p)?
15
Suppose 166 - 216 = -5*j. Let u(r) = -9*r - r**2 - j*r + 52*r - 20*r - 3. Calculate u(7).
39
Let s(x) = -32 + 4*x + 86 + 54 + 10. Calculate s(-29).
2
Let q(f) be the third derivative of f**5/60 - f**4/3 - 9*f**3 - 260*f**2. Calculate q(12).
-6
Let d(w) be the third derivative of w**6/240 - w**5/12 + w**4 + 6*w**2 - 2. Let l(y) be the second derivative of d(y). Determine l(7).
11
Let m(q) = -q**3 - 2*q**2 + 3*q - 4. Let s(x) = -x + 15. Let n be (108/42)/((-1)/(-7)). Let f be s(n). Determine m(f).
-4
Let m(p) = 205*p + 821. Let x be m(-4). Let r(h) = 30*h - 1. What is r(x)?
29
Suppose 26*i - 51 = 53. Let o(v) = -4*v + 0*v**2 - i*v**3 + 1 + 3*v**3 + 4*v**2 + 6*v - 3*v. Give o(5).
-29
Let w(j) = -j**3 + 4*j**2 - 4*j + 2. Let b(o) = 75*o - 122. Let f be b(-4). Let r = -419 - f. What is w(r)?
-1
Let p(i) = -9*i - 11. Let g(h) = 5*h + 6. Let z(w) = -5*g(w) - 3*p(w). Suppose 0 = v + 5*t + 40, 2*t + 3*t - 70 = v. Let a = 58 + v. Determine z(a).
9
Let y = 1118 + -1111. Let t(u) = -9*u + 4. Give t(y).
-59
Let r = -68 + 119. Let g = r - 49. Let y(k) = -2 + 2 - g*k + 3*k + 1. Calculate y(6).
7
Suppose 13*r - 10*r